{"id":452,"date":"2025-04-08T12:52:21","date_gmt":"2025-04-08T10:52:21","guid":{"rendered":"https:\/\/www.asinfarma.com\/aulavirtual360\/?page_id=452"},"modified":"2025-04-08T13:12:00","modified_gmt":"2025-04-08T11:12:00","slug":"muchas-gracias-por-inscribirte","status":"publish","type":"page","link":"https:\/\/www.asinfarma.com\/aulavirtual360\/muchas-gracias-por-inscribirte\/","title":{"rendered":"Muchas gracias por inscribirte"},"content":{"rendered":"\n<p>Hemos recibido tu solicitud y en breve recibir\u00e1s la factura.<\/p>\n\n\n\n<p>En el caso de que la inscripci\u00f3n sea para m\u00e1s de una persona, contactaremos contigo para solicitarte los datos de cada uno de los asistentes y enviaremos la factura a la persona de contacto indicada.<\/p>\n\n\n\n<p>Una vez dados de alta en el Aula Virtual 360, los participantes recibir\u00e1n dos correos electr\u00f3nicos con las indicaciones a seguir (emisor del correo electr\u00f3nico: &#110;&#x6f;&#114;&#x65;&#112;&#x6c;y&#x40;h&#x6f;s&#116;&#x33;&#105;&#x70;&#46;&#x65;&#117;).<\/p>\n\n\n\n<p><strong>Se recomienda revisar la carpeta de spam en caso de no recibir el correo electr\u00f3nico.<\/strong><\/p>\n\n\n<div class=\"wp-block-image\">\n<figure class=\"aligncenter size-large\"><img loading=\"lazy\" decoding=\"async\" width=\"279\" height=\"141\" src=\"https:\/\/www.asinfarma.com\/aulavirtual360\/wp-content\/uploads\/sites\/3\/2025\/01\/Logo-Asinfarma-Formacion-1_1.svg\" alt=\"Asinfarma formaci\u00f3n\" class=\"wp-image-16\"\/><\/figure><\/div>","protected":false},"excerpt":{"rendered":"<p>Hemos recibido tu solicitud y en breve recibir\u00e1s la factura. En el caso de que la inscripci\u00f3n sea para m\u00e1s de una persona, contactaremos contigo para solicitarte los datos de cada uno de los asistentes y enviaremos la factura a la persona de contacto indicada. Una vez dados de alta en el Aula Virtual 360, &#8230; <a title=\"Muchas gracias por inscribirte\" class=\"read-more\" href=\"https:\/\/www.asinfarma.com\/aulavirtual360\/muchas-gracias-por-inscribirte\/\" aria-label=\"Leer m\u00e1s sobre Muchas gracias por inscribirte\">Leer m\u00e1s<\/a><\/p>\n","protected":false},"author":1,"featured_media":0,"parent":0,"menu_order":0,"comment_status":"closed","ping_status":"closed","template":"","meta":{"inline_featured_image":false,"footnotes":""},"class_list":["post-452","page","type-page","status-publish"],"yoast_head":"<!-- This site is optimized with the Yoast SEO plugin v26.9 - https:\/\/yoast.com\/product\/yoast-seo-wordpress\/ -->\n<title>Muchas gracias por inscribirte - Aula virtual 360 Asinfarma<\/title>\n<meta name=\"robots\" content=\"index, follow, max-snippet:-1, max-image-preview:large, max-video-preview:-1\" \/>\n<link rel=\"canonical\" href=\"https:\/\/www.asinfarma.com\/aulavirtual360\/muchas-gracias-por-inscribirte\/\" \/>\n<meta property=\"og:locale\" content=\"es_ES\" \/>\n<meta property=\"og:type\" content=\"article\" \/>\n<meta property=\"og:title\" content=\"Muchas gracias por inscribirte - Aula virtual 360 Asinfarma\" \/>\n<meta property=\"og:description\" content=\"Hemos recibido tu solicitud y en breve recibir\u00e1s la factura. En el caso de que la inscripci\u00f3n sea para m\u00e1s de una persona, contactaremos contigo para solicitarte los datos de cada uno de los asistentes y enviaremos la factura a la persona de contacto indicada. Una vez dados de alta en el Aula Virtual 360, ... Leer m\u00e1s\" \/>\n<meta property=\"og:url\" content=\"https:\/\/www.asinfarma.com\/aulavirtual360\/muchas-gracias-por-inscribirte\/\" \/>\n<meta property=\"og:site_name\" content=\"Aula virtual 360 Asinfarma\" \/>\n<meta property=\"article:modified_time\" content=\"2025-04-08T11:12:00+00:00\" \/>\n<meta name=\"twitter:card\" content=\"summary_large_image\" \/>\n<script type=\"application\/ld+json\" class=\"yoast-schema-graph\">{\"@context\":\"https:\/\/schema.org\",\"@graph\":[{\"@type\":\"WebPage\",\"@id\":\"https:\/\/www.asinfarma.com\/aulavirtual360\/muchas-gracias-por-inscribirte\/\",\"url\":\"https:\/\/www.asinfarma.com\/aulavirtual360\/muchas-gracias-por-inscribirte\/\",\"name\":\"Muchas gracias por inscribirte - Aula virtual 360 Asinfarma\",\"isPartOf\":{\"@id\":\"https:\/\/www.asinfarma.com\/aulavirtual360\/#website\"},\"primaryImageOfPage\":{\"@id\":\"https:\/\/www.asinfarma.com\/aulavirtual360\/muchas-gracias-por-inscribirte\/#primaryimage\"},\"image\":{\"@id\":\"https:\/\/www.asinfarma.com\/aulavirtual360\/muchas-gracias-por-inscribirte\/#primaryimage\"},\"thumbnailUrl\":\"https:\/\/www.asinfarma.com\/aulavirtual360\/wp-content\/uploads\/sites\/3\/2025\/01\/Logo-Asinfarma-Formacion-1_1.svg\",\"datePublished\":\"2025-04-08T10:52:21+00:00\",\"dateModified\":\"2025-04-08T11:12:00+00:00\",\"breadcrumb\":{\"@id\":\"https:\/\/www.asinfarma.com\/aulavirtual360\/muchas-gracias-por-inscribirte\/#breadcrumb\"},\"inLanguage\":\"es\",\"potentialAction\":[{\"@type\":\"ReadAction\",\"target\":[\"https:\/\/www.asinfarma.com\/aulavirtual360\/muchas-gracias-por-inscribirte\/\"]}]},{\"@type\":\"ImageObject\",\"inLanguage\":\"es\",\"@id\":\"https:\/\/www.asinfarma.com\/aulavirtual360\/muchas-gracias-por-inscribirte\/#primaryimage\",\"url\":\"https:\/\/www.asinfarma.com\/aulavirtual360\/wp-content\/uploads\/sites\/3\/2025\/01\/Logo-Asinfarma-Formacion-1_1.svg\",\"contentUrl\":\"https:\/\/www.asinfarma.com\/aulavirtual360\/wp-content\/uploads\/sites\/3\/2025\/01\/Logo-Asinfarma-Formacion-1_1.svg\",\"width\":279,\"height\":141,\"caption\":\"Asinfarma formaci\u00f3n\"},{\"@type\":\"BreadcrumbList\",\"@id\":\"https:\/\/www.asinfarma.com\/aulavirtual360\/muchas-gracias-por-inscribirte\/#breadcrumb\",\"itemListElement\":[{\"@type\":\"ListItem\",\"position\":1,\"name\":\"Portada\",\"item\":\"https:\/\/www.asinfarma.com\/aulavirtual360\/\"},{\"@type\":\"ListItem\",\"position\":2,\"name\":\"Muchas gracias por inscribirte\"}]},{\"@type\":\"WebSite\",\"@id\":\"https:\/\/www.asinfarma.com\/aulavirtual360\/#website\",\"url\":\"https:\/\/www.asinfarma.com\/aulavirtual360\/\",\"name\":\"Aula virtual 360 Asinfarma\",\"description\":\"Aula virtual 360 Asinfarma\",\"publisher\":{\"@id\":\"https:\/\/www.asinfarma.com\/aulavirtual360\/#organization\"},\"potentialAction\":[{\"@type\":\"SearchAction\",\"target\":{\"@type\":\"EntryPoint\",\"urlTemplate\":\"https:\/\/www.asinfarma.com\/aulavirtual360\/?s={search_term_string}\"},\"query-input\":{\"@type\":\"PropertyValueSpecification\",\"valueRequired\":true,\"valueName\":\"search_term_string\"}}],\"inLanguage\":\"es\"},{\"@type\":\"Organization\",\"@id\":\"https:\/\/www.asinfarma.com\/aulavirtual360\/#organization\",\"name\":\"Grupo Asinfarma: asesor\u00eda industrial farmac\u00e9utica\",\"url\":\"https:\/\/www.asinfarma.com\/aulavirtual360\/\",\"logo\":{\"@type\":\"ImageObject\",\"inLanguage\":\"es\",\"@id\":\"https:\/\/www.asinfarma.com\/aulavirtual360\/#\/schema\/logo\/image\/\",\"url\":\"https:\/\/www.asinfarma.com\/aulavirtual360\/wp-content\/uploads\/sites\/3\/2025\/01\/Logo-Grupo-Asinfarma-1_1.svg\",\"contentUrl\":\"https:\/\/www.asinfarma.com\/aulavirtual360\/wp-content\/uploads\/sites\/3\/2025\/01\/Logo-Grupo-Asinfarma-1_1.svg\",\"width\":257,\"height\":118,\"caption\":\"Grupo Asinfarma: asesor\u00eda industrial farmac\u00e9utica\"},\"image\":{\"@id\":\"https:\/\/www.asinfarma.com\/aulavirtual360\/#\/schema\/logo\/image\/\"}}]}<\/script>\n<!-- \/ Yoast SEO plugin. -->","yoast_head_json":{"title":"Muchas gracias por inscribirte - Aula virtual 360 Asinfarma","robots":{"index":"index","follow":"follow","max-snippet":"max-snippet:-1","max-image-preview":"max-image-preview:large","max-video-preview":"max-video-preview:-1"},"canonical":"https:\/\/www.asinfarma.com\/aulavirtual360\/muchas-gracias-por-inscribirte\/","og_locale":"es_ES","og_type":"article","og_title":"Muchas gracias por inscribirte - Aula virtual 360 Asinfarma","og_description":"Hemos recibido tu solicitud y en breve recibir\u00e1s la factura. En el caso de que la inscripci\u00f3n sea para m\u00e1s de una persona, contactaremos contigo para solicitarte los datos de cada uno de los asistentes y enviaremos la factura a la persona de contacto indicada. Una vez dados de alta en el Aula Virtual 360, ... Leer m\u00e1s","og_url":"https:\/\/www.asinfarma.com\/aulavirtual360\/muchas-gracias-por-inscribirte\/","og_site_name":"Aula virtual 360 Asinfarma","article_modified_time":"2025-04-08T11:12:00+00:00","twitter_card":"summary_large_image","schema":{"@context":"https:\/\/schema.org","@graph":[{"@type":"WebPage","@id":"https:\/\/www.asinfarma.com\/aulavirtual360\/muchas-gracias-por-inscribirte\/","url":"https:\/\/www.asinfarma.com\/aulavirtual360\/muchas-gracias-por-inscribirte\/","name":"Muchas gracias por inscribirte - Aula virtual 360 Asinfarma","isPartOf":{"@id":"https:\/\/www.asinfarma.com\/aulavirtual360\/#website"},"primaryImageOfPage":{"@id":"https:\/\/www.asinfarma.com\/aulavirtual360\/muchas-gracias-por-inscribirte\/#primaryimage"},"image":{"@id":"https:\/\/www.asinfarma.com\/aulavirtual360\/muchas-gracias-por-inscribirte\/#primaryimage"},"thumbnailUrl":"https:\/\/www.asinfarma.com\/aulavirtual360\/wp-content\/uploads\/sites\/3\/2025\/01\/Logo-Asinfarma-Formacion-1_1.svg","datePublished":"2025-04-08T10:52:21+00:00","dateModified":"2025-04-08T11:12:00+00:00","breadcrumb":{"@id":"https:\/\/www.asinfarma.com\/aulavirtual360\/muchas-gracias-por-inscribirte\/#breadcrumb"},"inLanguage":"es","potentialAction":[{"@type":"ReadAction","target":["https:\/\/www.asinfarma.com\/aulavirtual360\/muchas-gracias-por-inscribirte\/"]}]},{"@type":"ImageObject","inLanguage":"es","@id":"https:\/\/www.asinfarma.com\/aulavirtual360\/muchas-gracias-por-inscribirte\/#primaryimage","url":"https:\/\/www.asinfarma.com\/aulavirtual360\/wp-content\/uploads\/sites\/3\/2025\/01\/Logo-Asinfarma-Formacion-1_1.svg","contentUrl":"https:\/\/www.asinfarma.com\/aulavirtual360\/wp-content\/uploads\/sites\/3\/2025\/01\/Logo-Asinfarma-Formacion-1_1.svg","width":279,"height":141,"caption":"Asinfarma formaci\u00f3n"},{"@type":"BreadcrumbList","@id":"https:\/\/www.asinfarma.com\/aulavirtual360\/muchas-gracias-por-inscribirte\/#breadcrumb","itemListElement":[{"@type":"ListItem","position":1,"name":"Portada","item":"https:\/\/www.asinfarma.com\/aulavirtual360\/"},{"@type":"ListItem","position":2,"name":"Muchas gracias por inscribirte"}]},{"@type":"WebSite","@id":"https:\/\/www.asinfarma.com\/aulavirtual360\/#website","url":"https:\/\/www.asinfarma.com\/aulavirtual360\/","name":"Aula virtual 360 Asinfarma","description":"Aula virtual 360 Asinfarma","publisher":{"@id":"https:\/\/www.asinfarma.com\/aulavirtual360\/#organization"},"potentialAction":[{"@type":"SearchAction","target":{"@type":"EntryPoint","urlTemplate":"https:\/\/www.asinfarma.com\/aulavirtual360\/?s={search_term_string}"},"query-input":{"@type":"PropertyValueSpecification","valueRequired":true,"valueName":"search_term_string"}}],"inLanguage":"es"},{"@type":"Organization","@id":"https:\/\/www.asinfarma.com\/aulavirtual360\/#organization","name":"Grupo Asinfarma: asesor\u00eda industrial farmac\u00e9utica","url":"https:\/\/www.asinfarma.com\/aulavirtual360\/","logo":{"@type":"ImageObject","inLanguage":"es","@id":"https:\/\/www.asinfarma.com\/aulavirtual360\/#\/schema\/logo\/image\/","url":"https:\/\/www.asinfarma.com\/aulavirtual360\/wp-content\/uploads\/sites\/3\/2025\/01\/Logo-Grupo-Asinfarma-1_1.svg","contentUrl":"https:\/\/www.asinfarma.com\/aulavirtual360\/wp-content\/uploads\/sites\/3\/2025\/01\/Logo-Grupo-Asinfarma-1_1.svg","width":257,"height":118,"caption":"Grupo Asinfarma: asesor\u00eda industrial farmac\u00e9utica"},"image":{"@id":"https:\/\/www.asinfarma.com\/aulavirtual360\/#\/schema\/logo\/image\/"}}]}},"_links":{"self":[{"href":"https:\/\/www.asinfarma.com\/aulavirtual360\/wp-json\/wp\/v2\/pages\/452","targetHints":{"allow":["GET"]}}],"collection":[{"href":"https:\/\/www.asinfarma.com\/aulavirtual360\/wp-json\/wp\/v2\/pages"}],"about":[{"href":"https:\/\/www.asinfarma.com\/aulavirtual360\/wp-json\/wp\/v2\/types\/page"}],"author":[{"embeddable":true,"href":"https:\/\/www.asinfarma.com\/aulavirtual360\/wp-json\/wp\/v2\/users\/1"}],"replies":[{"embeddable":true,"href":"https:\/\/www.asinfarma.com\/aulavirtual360\/wp-json\/wp\/v2\/comments?post=452"}],"version-history":[{"count":0,"href":"https:\/\/www.asinfarma.com\/aulavirtual360\/wp-json\/wp\/v2\/pages\/452\/revisions"}],"wp:attachment":[{"href":"https:\/\/www.asinfarma.com\/aulavirtual360\/wp-json\/wp\/v2\/media?parent=452"}],"curies":[{"name":"wp","href":"https:\/\/api.w.org\/{rel}","templated":true}]}}