{"id":2,"date":"2024-01-16T09:45:15","date_gmt":"2024-01-16T08:45:15","guid":{"rendered":"https:\/\/www.grupoasinfarma.churbayportillo.com\/seminario-expertos\/?page_id=2"},"modified":"2025-04-08T13:22:35","modified_gmt":"2025-04-08T11:22:35","slug":"procesos-esteriles-2024","status":"publish","type":"page","link":"https:\/\/www.asinfarma.com\/seminario-expertos\/procesos-esteriles-2024\/","title":{"rendered":"Procesos est\u00e9riles 2024"},"content":{"rendered":"\n<div class=\"wp-block-group lista-espera has-contrast-color has-base-3-background-color has-text-color has-background has-link-color wp-elements-4345e736158129190a2912f6bf81e8f0\"><div class=\"wp-block-group__inner-container is-layout-constrained wp-block-group-is-layout-constrained\">\n<h2 class=\"wp-block-heading\" style=\"font-size:40px\">Pr\u00f3ximo seminario de expertos en procesos est\u00e9riles 2026<\/h2>\n\n\n\n<div class=\"wp-block-group has-base-2-background-color has-background\"><div class=\"wp-block-group__inner-container is-layout-constrained wp-block-group-is-layout-constrained\">\n<p>El pr\u00f3ximo seminario ser\u00e1 el 12 y 13 de mayo de 2026. Ap\u00fantate a la lista de espera y te avisaremos sin compromiso.<\/p>\n\n\n\n<div class=\"wp-block-buttons is-content-justification-left is-layout-flex wp-container-core-buttons-is-layout-fdcfc74e wp-block-buttons-is-layout-flex\">\n<div class=\"wp-block-button\"><a class=\"wp-block-button__link wp-element-button\" href=\"https:\/\/www.asinfarma.com\/formacion\/inscripcion-en-seminario-de-expertos-en-procesos-esteriles\/#lista-espera\">Apuntarme<\/a><\/div>\n<\/div>\n\n\n\n<div style=\"height:20px\" aria-hidden=\"true\" class=\"wp-block-spacer\"><\/div>\n<\/div><\/div>\n<\/div><\/div>\n\n\n\n<div class=\"wp-block-cover alignfull\"><span aria-hidden=\"true\" class=\"wp-block-cover__background has-background-dim-30 has-background-dim\"><\/span><img loading=\"lazy\" decoding=\"async\" width=\"1600\" height=\"750\" class=\"wp-block-cover__image-background wp-image-21\" alt=\"Seminario expertos procesos as\u00e9pticos\" src=\"https:\/\/www.asinfarma.com\/seminario-expertos\/wp-content\/uploads\/sites\/2\/2024\/01\/anexo-1-procesos-asepticos.jpg.webp\" data-object-fit=\"cover\" srcset=\"https:\/\/www.asinfarma.com\/seminario-expertos\/wp-content\/uploads\/sites\/2\/2024\/01\/anexo-1-procesos-asepticos.jpg.webp 1600w, https:\/\/www.asinfarma.com\/seminario-expertos\/wp-content\/uploads\/sites\/2\/2024\/01\/anexo-1-procesos-asepticos.jpg-300x141.webp 300w, https:\/\/www.asinfarma.com\/seminario-expertos\/wp-content\/uploads\/sites\/2\/2024\/01\/anexo-1-procesos-asepticos.jpg-1024x480.webp 1024w, https:\/\/www.asinfarma.com\/seminario-expertos\/wp-content\/uploads\/sites\/2\/2024\/01\/anexo-1-procesos-asepticos.jpg-768x360.webp 768w, https:\/\/www.asinfarma.com\/seminario-expertos\/wp-content\/uploads\/sites\/2\/2024\/01\/anexo-1-procesos-asepticos.jpg-1536x720.webp 1536w\" sizes=\"auto, (max-width: 1600px) 100vw, 1600px\" \/><div class=\"wp-block-cover__inner-container is-layout-constrained wp-block-cover-is-layout-constrained\">\n<div class=\"wp-block-columns is-layout-flex wp-container-core-columns-is-layout-9d6595d7 wp-block-columns-is-layout-flex\">\n<div class=\"wp-block-column is-layout-flow wp-block-column-is-layout-flow\" style=\"flex-basis:66.66%\">\n<div class=\"wp-block-group\"><div class=\"wp-block-group__inner-container is-layout-constrained wp-block-group-is-layout-constrained\">\n<div style=\"height:40px\" aria-hidden=\"true\" class=\"wp-block-spacer\"><\/div>\n\n\n\n<figure class=\"wp-block-image size-full is-resized\"><img decoding=\"async\" src=\"https:\/\/www.asinfarma.com\/seminario-expertos\/wp-content\/uploads\/sites\/2\/2024\/01\/logo-seminario-expertos-w.svg\" alt=\"Seminario expertos en procesos est\u00e9riles\" class=\"wp-image-175\" style=\"width:500px\"\/><\/figure>\n\n\n\n<h1 class=\"wp-block-heading has-text-align-left h1-logo\"><strong>Seminario de expertos en Procesos Est\u00e9riles 2024<\/strong><\/h1>\n\n\n\n<p class=\"has-x-large-font-size\"><span style=\"border-top: solid 3px\"><strong>7 y 8 de mayo<\/strong><\/span><\/p>\n<\/div><\/div>\n<\/div>\n\n\n\n<div class=\"wp-block-column is-vertically-aligned-center is-layout-flow wp-block-column-is-layout-flow\" style=\"flex-basis:33.33%\"><\/div>\n<\/div>\n<\/div><\/div>\n\n\n\n<div style=\"height:40px\" aria-hidden=\"true\" class=\"wp-block-spacer\"><\/div>\n\n\n\n<p class=\"has-medium-font-size\">Asinfarma presenta la primera edici\u00f3n del <strong>Seminario de Expertos en Procesos Est\u00e9riles<\/strong>, que se realizar\u00e1 en formato virtual en directo los d\u00edas <strong>07 y 08 de mayo de 2024<\/strong><\/p>\n\n\n\n<div class=\"wp-block-columns are-vertically-aligned-center is-layout-flex wp-container-core-columns-is-layout-9d6595d7 wp-block-columns-is-layout-flex\">\n<div class=\"wp-block-column is-vertically-aligned-center is-layout-flow wp-block-column-is-layout-flow\">\n<div class=\"wp-block-group has-base-3-color has-global-color-10-background-color has-text-color has-background has-link-color wp-elements-3fb38f8673c768a646c088d000f6742e\"><div class=\"wp-block-group__inner-container is-layout-constrained wp-block-group-is-layout-constrained\">\n<p class=\"has-text-align-center margin-bottom-0 has-large-font-size\"><strong>Online meeting<\/strong><\/p>\n<\/div><\/div>\n<\/div>\n\n\n\n<div class=\"wp-block-column is-vertically-aligned-center is-layout-flow wp-block-column-is-layout-flow\">\n<div class=\"wp-block-group has-base-3-color has-global-color-8-background-color has-text-color has-background has-link-color wp-elements-30b32a2637f989ec832b91edd07741f1\"><div class=\"wp-block-group__inner-container is-layout-constrained wp-block-group-is-layout-constrained\">\n<p class=\"has-text-align-center margin-bottom-0 has-large-font-size\"><strong><strong>16 ponencias <\/strong><\/strong><\/p>\n<\/div><\/div>\n<\/div>\n\n\n\n<div class=\"wp-block-column is-layout-flow wp-block-column-is-layout-flow\">\n<div class=\"wp-block-group has-base-3-color has-accent-background-color has-text-color has-background\"><div class=\"wp-block-group__inner-container is-layout-constrained wp-block-group-is-layout-constrained\">\n<p class=\"has-text-align-center margin-bottom-0 has-base-3-color has-text-color has-link-color has-large-font-size wp-elements-0b1409fd31a17f1edf261be3b30ba1dc\"><strong><strong>18 expertos<\/strong><\/strong><\/p>\n<\/div><\/div>\n<\/div>\n<\/div>\n\n\n\n<div style=\"height:60px\" aria-hidden=\"true\" class=\"wp-block-spacer\"><\/div>\n\n\n\n<figure class=\"wp-block-image size-large\"><img loading=\"lazy\" decoding=\"async\" width=\"1024\" height=\"558\" src=\"https:\/\/www.asinfarma.com\/seminario-expertos\/wp-content\/uploads\/sites\/2\/2024\/01\/patrocinadores-1024x558.jpg\" alt=\"Participantes\" class=\"wp-image-440\" srcset=\"https:\/\/www.asinfarma.com\/seminario-expertos\/wp-content\/uploads\/sites\/2\/2024\/01\/patrocinadores-1024x558.jpg 1024w, https:\/\/www.asinfarma.com\/seminario-expertos\/wp-content\/uploads\/sites\/2\/2024\/01\/patrocinadores-300x164.jpg 300w, https:\/\/www.asinfarma.com\/seminario-expertos\/wp-content\/uploads\/sites\/2\/2024\/01\/patrocinadores-768x419.jpg 768w, https:\/\/www.asinfarma.com\/seminario-expertos\/wp-content\/uploads\/sites\/2\/2024\/01\/patrocinadores.jpg 1500w\" sizes=\"auto, (max-width: 1024px) 100vw, 1024px\" \/><\/figure>\n\n\n\n<div style=\"height:60px\" aria-hidden=\"true\" class=\"wp-block-spacer\"><\/div>\n\n\n\n<div class=\"wp-block-columns alignwide is-layout-flex wp-container-core-columns-is-layout-9d6595d7 wp-block-columns-is-layout-flex\">\n<div class=\"wp-block-column is-layout-flow wp-block-column-is-layout-flow\">\n<div class=\"wp-block-group has-accent-background-color has-background\"><div class=\"wp-block-group__inner-container is-layout-constrained wp-block-group-is-layout-constrained\">\n<div class=\"wp-block-buttons is-content-justification-center is-nowrap is-layout-flex wp-container-core-buttons-is-layout-1fb9aab6 wp-block-buttons-is-layout-flex\">\n<div class=\"wp-block-button has-custom-font-size has-large-font-size\"><a class=\"wp-block-button__link has-accent-background-color has-background wp-element-button\" href=\"https:\/\/www.asinfarma.com\/seminario-expertos\/seminario-de-expertos-2024\/programa\/\"><strong>Programa<\/strong><\/a><\/div>\n<\/div>\n<\/div><\/div>\n<\/div>\n\n\n\n<div class=\"wp-block-column is-layout-flow wp-block-column-is-layout-flow\">\n<div class=\"wp-block-group has-global-color-8-background-color has-background\"><div class=\"wp-block-group__inner-container is-layout-constrained wp-block-group-is-layout-constrained\">\n<div class=\"wp-block-buttons is-content-justification-center is-nowrap is-layout-flex wp-container-core-buttons-is-layout-1fb9aab6 wp-block-buttons-is-layout-flex\">\n<div class=\"wp-block-button has-custom-font-size has-large-font-size\"><a class=\"wp-block-button__link has-global-color-8-background-color has-background wp-element-button\" href=\"https:\/\/www.asinfarma.com\/seminario-expertos\/seminario-de-expertos-2024\/ponentes-2\/\"><strong>Ponentes<\/strong><\/a><\/div>\n<\/div>\n<\/div><\/div>\n<\/div>\n\n\n\n<div class=\"wp-block-column is-layout-flow wp-block-column-is-layout-flow\">\n<div class=\"wp-block-group has-global-color-10-background-color has-background\"><div class=\"wp-block-group__inner-container is-layout-constrained wp-block-group-is-layout-constrained\">\n<div class=\"wp-block-buttons is-content-justification-center is-layout-flex wp-container-core-buttons-is-layout-5590e8cb wp-block-buttons-is-layout-flex\">\n<div class=\"wp-block-button has-custom-font-size has-large-font-size\"><a class=\"wp-block-button__link has-global-color-10-background-color has-background wp-element-button\" href=\"https:\/\/www.asinfarma.com\/formacion\/inscripcion-en-seminario-de-expertos-en-procesos-esteriles\/\"><strong>Inscripci\u00f3n<\/strong><\/a><\/div>\n<\/div>\n<\/div><\/div>\n<\/div>\n<\/div>\n\n\n\n<div style=\"height:40px\" aria-hidden=\"true\" class=\"wp-block-spacer\"><\/div>\n\n\n\n<div class=\"wp-block-buttons is-content-justification-center is-layout-flex wp-container-core-buttons-is-layout-16018d1d wp-block-buttons-is-layout-flex\">\n<div class=\"wp-block-button has-custom-font-size has-medium-font-size\"><a class=\"wp-block-button__link has-global-color-8-background-color has-background wp-element-button\"><strong>950\u20ac<\/strong> para pagos despu\u00e9s del 30\/04\/24<\/a><\/div>\n\n\n\n<div class=\"wp-block-button has-custom-font-size has-medium-font-size\"><a class=\"wp-block-button__link has-global-color-9-background-color has-background wp-element-button\"><strong>800\u20ac<\/strong> para pagos antes del 30\/04\/2024<\/a><\/div>\n<\/div>\n\n\n\n<div style=\"height:60px\" aria-hidden=\"true\" class=\"wp-block-spacer\"><\/div>\n","protected":false},"excerpt":{"rendered":"<p>Pr\u00f3ximo seminario de expertos en procesos est\u00e9riles 2026 El pr\u00f3ximo seminario ser\u00e1 el 12 y 13 de mayo de 2026. Ap\u00fantate a la lista de espera y te avisaremos sin compromiso. Asinfarma presenta la primera edici\u00f3n del Seminario de Expertos en Procesos Est\u00e9riles, que se realizar\u00e1 en formato virtual en directo los d\u00edas 07 y &#8230; <a title=\"Procesos est\u00e9riles 2024\" class=\"read-more\" href=\"https:\/\/www.asinfarma.com\/seminario-expertos\/procesos-esteriles-2024\/\" aria-label=\"Leer m\u00e1s sobre Procesos est\u00e9riles 2024\">Leer m\u00e1s<\/a><\/p>\n","protected":false},"author":1,"featured_media":0,"parent":0,"menu_order":0,"comment_status":"open","ping_status":"closed","template":"","meta":{"inline_featured_image":false,"footnotes":""},"class_list":["post-2","page","type-page","status-publish"],"yoast_head":"<!-- This site is optimized with the Yoast SEO plugin v26.9 - https:\/\/yoast.com\/product\/yoast-seo-wordpress\/ -->\n<title>Procesos est\u00e9riles 2024 - Seminario de expertos<\/title>\n<meta name=\"robots\" content=\"index, follow, max-snippet:-1, max-image-preview:large, max-video-preview:-1\" \/>\n<link rel=\"canonical\" href=\"https:\/\/www.asinfarma.com\/seminario-expertos\/procesos-esteriles-2024\/\" \/>\n<meta property=\"og:locale\" content=\"es_ES\" \/>\n<meta property=\"og:type\" content=\"article\" \/>\n<meta property=\"og:title\" content=\"Procesos est\u00e9riles 2024 - Seminario de expertos\" \/>\n<meta property=\"og:description\" content=\"Pr\u00f3ximo seminario de expertos en procesos est\u00e9riles 2026 El pr\u00f3ximo seminario ser\u00e1 el 12 y 13 de mayo de 2026. Ap\u00fantate a la lista de espera y te avisaremos sin compromiso. Asinfarma presenta la primera edici\u00f3n del Seminario de Expertos en Procesos Est\u00e9riles, que se realizar\u00e1 en formato virtual en directo los d\u00edas 07 y ... Leer m\u00e1s\" \/>\n<meta property=\"og:url\" content=\"https:\/\/www.asinfarma.com\/seminario-expertos\/procesos-esteriles-2024\/\" \/>\n<meta property=\"og:site_name\" content=\"Seminario de expertos\" \/>\n<meta property=\"article:modified_time\" content=\"2025-04-08T11:22:35+00:00\" \/>\n<meta property=\"og:image\" content=\"https:\/\/www.asinfarma.com\/seminario-expertos\/wp-content\/uploads\/sites\/2\/2024\/01\/anexo-1-procesos-asepticos.jpg.webp\" \/>\n\t<meta property=\"og:image:width\" content=\"1600\" \/>\n\t<meta property=\"og:image:height\" content=\"750\" \/>\n\t<meta property=\"og:image:type\" content=\"image\/webp\" \/>\n<meta name=\"twitter:card\" content=\"summary_large_image\" \/>\n<meta name=\"twitter:label1\" content=\"Tiempo de lectura\" \/>\n\t<meta name=\"twitter:data1\" content=\"2 minutos\" \/>\n<script type=\"application\/ld+json\" class=\"yoast-schema-graph\">{\"@context\":\"https:\/\/schema.org\",\"@graph\":[{\"@type\":\"WebPage\",\"@id\":\"https:\/\/www.asinfarma.com\/seminario-expertos\/procesos-esteriles-2024\/\",\"url\":\"https:\/\/www.asinfarma.com\/seminario-expertos\/procesos-esteriles-2024\/\",\"name\":\"Procesos est\u00e9riles 2024 - Seminario de expertos\",\"isPartOf\":{\"@id\":\"https:\/\/www.asinfarma.com\/seminario-expertos\/#website\"},\"primaryImageOfPage\":{\"@id\":\"https:\/\/www.asinfarma.com\/seminario-expertos\/procesos-esteriles-2024\/#primaryimage\"},\"image\":{\"@id\":\"https:\/\/www.asinfarma.com\/seminario-expertos\/procesos-esteriles-2024\/#primaryimage\"},\"thumbnailUrl\":\"https:\/\/www.asinfarma.com\/seminario-expertos\/wp-content\/uploads\/sites\/2\/2024\/01\/anexo-1-procesos-asepticos.jpg.webp\",\"datePublished\":\"2024-01-16T08:45:15+00:00\",\"dateModified\":\"2025-04-08T11:22:35+00:00\",\"inLanguage\":\"es\",\"potentialAction\":[{\"@type\":\"ReadAction\",\"target\":[\"https:\/\/www.asinfarma.com\/seminario-expertos\/procesos-esteriles-2024\/\"]}]},{\"@type\":\"ImageObject\",\"inLanguage\":\"es\",\"@id\":\"https:\/\/www.asinfarma.com\/seminario-expertos\/procesos-esteriles-2024\/#primaryimage\",\"url\":\"https:\/\/www.asinfarma.com\/seminario-expertos\/wp-content\/uploads\/sites\/2\/2024\/01\/anexo-1-procesos-asepticos.jpg.webp\",\"contentUrl\":\"https:\/\/www.asinfarma.com\/seminario-expertos\/wp-content\/uploads\/sites\/2\/2024\/01\/anexo-1-procesos-asepticos.jpg.webp\",\"width\":1600,\"height\":750,\"caption\":\"Seminario expertos procesos as\u00e9pticos\"},{\"@type\":\"WebSite\",\"@id\":\"https:\/\/www.asinfarma.com\/seminario-expertos\/#website\",\"url\":\"https:\/\/www.asinfarma.com\/seminario-expertos\/\",\"name\":\"Seminario de expertos\",\"description\":\"\",\"publisher\":{\"@id\":\"https:\/\/www.asinfarma.com\/seminario-expertos\/#organization\"},\"potentialAction\":[{\"@type\":\"SearchAction\",\"target\":{\"@type\":\"EntryPoint\",\"urlTemplate\":\"https:\/\/www.asinfarma.com\/seminario-expertos\/?s={search_term_string}\"},\"query-input\":{\"@type\":\"PropertyValueSpecification\",\"valueRequired\":true,\"valueName\":\"search_term_string\"}}],\"inLanguage\":\"es\"},{\"@type\":\"Organization\",\"@id\":\"https:\/\/www.asinfarma.com\/seminario-expertos\/#organization\",\"name\":\"Seminario de expertos\",\"url\":\"https:\/\/www.asinfarma.com\/seminario-expertos\/\",\"logo\":{\"@type\":\"ImageObject\",\"inLanguage\":\"es\",\"@id\":\"https:\/\/www.asinfarma.com\/seminario-expertos\/#\/schema\/logo\/image\/\",\"url\":\"https:\/\/www.asinfarma.com\/seminario-expertos\/wp-content\/uploads\/sites\/2\/2025\/02\/logo-seminario-expertos_color.svg\",\"contentUrl\":\"https:\/\/www.asinfarma.com\/seminario-expertos\/wp-content\/uploads\/sites\/2\/2025\/02\/logo-seminario-expertos_color.svg\",\"caption\":\"Seminario de expertos\"},\"image\":{\"@id\":\"https:\/\/www.asinfarma.com\/seminario-expertos\/#\/schema\/logo\/image\/\"}}]}<\/script>\n<!-- \/ Yoast SEO plugin. -->","yoast_head_json":{"title":"Procesos est\u00e9riles 2024 - Seminario de expertos","robots":{"index":"index","follow":"follow","max-snippet":"max-snippet:-1","max-image-preview":"max-image-preview:large","max-video-preview":"max-video-preview:-1"},"canonical":"https:\/\/www.asinfarma.com\/seminario-expertos\/procesos-esteriles-2024\/","og_locale":"es_ES","og_type":"article","og_title":"Procesos est\u00e9riles 2024 - Seminario de expertos","og_description":"Pr\u00f3ximo seminario de expertos en procesos est\u00e9riles 2026 El pr\u00f3ximo seminario ser\u00e1 el 12 y 13 de mayo de 2026. Ap\u00fantate a la lista de espera y te avisaremos sin compromiso. Asinfarma presenta la primera edici\u00f3n del Seminario de Expertos en Procesos Est\u00e9riles, que se realizar\u00e1 en formato virtual en directo los d\u00edas 07 y ... Leer m\u00e1s","og_url":"https:\/\/www.asinfarma.com\/seminario-expertos\/procesos-esteriles-2024\/","og_site_name":"Seminario de expertos","article_modified_time":"2025-04-08T11:22:35+00:00","og_image":[{"width":1600,"height":750,"url":"https:\/\/www.asinfarma.com\/seminario-expertos\/wp-content\/uploads\/sites\/2\/2024\/01\/anexo-1-procesos-asepticos.jpg.webp","type":"image\/webp"}],"twitter_card":"summary_large_image","twitter_misc":{"Tiempo de lectura":"2 minutos"},"schema":{"@context":"https:\/\/schema.org","@graph":[{"@type":"WebPage","@id":"https:\/\/www.asinfarma.com\/seminario-expertos\/procesos-esteriles-2024\/","url":"https:\/\/www.asinfarma.com\/seminario-expertos\/procesos-esteriles-2024\/","name":"Procesos est\u00e9riles 2024 - Seminario de expertos","isPartOf":{"@id":"https:\/\/www.asinfarma.com\/seminario-expertos\/#website"},"primaryImageOfPage":{"@id":"https:\/\/www.asinfarma.com\/seminario-expertos\/procesos-esteriles-2024\/#primaryimage"},"image":{"@id":"https:\/\/www.asinfarma.com\/seminario-expertos\/procesos-esteriles-2024\/#primaryimage"},"thumbnailUrl":"https:\/\/www.asinfarma.com\/seminario-expertos\/wp-content\/uploads\/sites\/2\/2024\/01\/anexo-1-procesos-asepticos.jpg.webp","datePublished":"2024-01-16T08:45:15+00:00","dateModified":"2025-04-08T11:22:35+00:00","inLanguage":"es","potentialAction":[{"@type":"ReadAction","target":["https:\/\/www.asinfarma.com\/seminario-expertos\/procesos-esteriles-2024\/"]}]},{"@type":"ImageObject","inLanguage":"es","@id":"https:\/\/www.asinfarma.com\/seminario-expertos\/procesos-esteriles-2024\/#primaryimage","url":"https:\/\/www.asinfarma.com\/seminario-expertos\/wp-content\/uploads\/sites\/2\/2024\/01\/anexo-1-procesos-asepticos.jpg.webp","contentUrl":"https:\/\/www.asinfarma.com\/seminario-expertos\/wp-content\/uploads\/sites\/2\/2024\/01\/anexo-1-procesos-asepticos.jpg.webp","width":1600,"height":750,"caption":"Seminario expertos procesos as\u00e9pticos"},{"@type":"WebSite","@id":"https:\/\/www.asinfarma.com\/seminario-expertos\/#website","url":"https:\/\/www.asinfarma.com\/seminario-expertos\/","name":"Seminario de expertos","description":"","publisher":{"@id":"https:\/\/www.asinfarma.com\/seminario-expertos\/#organization"},"potentialAction":[{"@type":"SearchAction","target":{"@type":"EntryPoint","urlTemplate":"https:\/\/www.asinfarma.com\/seminario-expertos\/?s={search_term_string}"},"query-input":{"@type":"PropertyValueSpecification","valueRequired":true,"valueName":"search_term_string"}}],"inLanguage":"es"},{"@type":"Organization","@id":"https:\/\/www.asinfarma.com\/seminario-expertos\/#organization","name":"Seminario de expertos","url":"https:\/\/www.asinfarma.com\/seminario-expertos\/","logo":{"@type":"ImageObject","inLanguage":"es","@id":"https:\/\/www.asinfarma.com\/seminario-expertos\/#\/schema\/logo\/image\/","url":"https:\/\/www.asinfarma.com\/seminario-expertos\/wp-content\/uploads\/sites\/2\/2025\/02\/logo-seminario-expertos_color.svg","contentUrl":"https:\/\/www.asinfarma.com\/seminario-expertos\/wp-content\/uploads\/sites\/2\/2025\/02\/logo-seminario-expertos_color.svg","caption":"Seminario de expertos"},"image":{"@id":"https:\/\/www.asinfarma.com\/seminario-expertos\/#\/schema\/logo\/image\/"}}]}},"_links":{"self":[{"href":"https:\/\/www.asinfarma.com\/seminario-expertos\/wp-json\/wp\/v2\/pages\/2","targetHints":{"allow":["GET"]}}],"collection":[{"href":"https:\/\/www.asinfarma.com\/seminario-expertos\/wp-json\/wp\/v2\/pages"}],"about":[{"href":"https:\/\/www.asinfarma.com\/seminario-expertos\/wp-json\/wp\/v2\/types\/page"}],"author":[{"embeddable":true,"href":"https:\/\/www.asinfarma.com\/seminario-expertos\/wp-json\/wp\/v2\/users\/1"}],"replies":[{"embeddable":true,"href":"https:\/\/www.asinfarma.com\/seminario-expertos\/wp-json\/wp\/v2\/comments?post=2"}],"version-history":[{"count":0,"href":"https:\/\/www.asinfarma.com\/seminario-expertos\/wp-json\/wp\/v2\/pages\/2\/revisions"}],"wp:attachment":[{"href":"https:\/\/www.asinfarma.com\/seminario-expertos\/wp-json\/wp\/v2\/media?parent=2"}],"curies":[{"name":"wp","href":"https:\/\/api.w.org\/{rel}","templated":true}]}}